What is the tens digit of k?
1
Suppose 0 = -5*m - 99 - 6. Let l = m + 36. What is the units digit of l?
5
Suppose g + 2*g - 4*j - 164 = 0, -j = -2*g + 101. What is the tens digit of g?
4
Let s = -2 - -5. Let k = -2 + 2. Suppose k*v = -s*v + 21. What is the units digit of v?
7
Let r(q) = q**2 - q - 3. Suppose -3*a - 6 - 3 = 0. Let h be a/3*4 - -1. What is the units digit of r(h)?
9
Let f = 14 + -8. Let l be 0 + -1 + -3 + f. Suppose 2*x + l*x = -3*w + 4, -w = 4*x - 4. What is the units digit of x?
1
Let t(z) = z**3 - z**2 + 1. Let l(f) = f**3 - 5*f**2 - 5*f. Let n(c) = l(c) - 2*t(c). What is the units digit of n(-4)?
4
Let u = 14 - 12. Suppose -3*r = r - 4. Let j = u + r. What is the units digit of j?
3
Let d(s) = -3*s + 8. Let y be d(4). What is the units digit of 8 - (4 + y)/2?
8
Let o(w) = w**2 + w. Let h be o(-1). Let f = h + -14. Let a = -2 - f. What is the units digit of a?
2
Let u(g) = -60*g**3 - g**2 - g + 1. Let j be u(1). Let d = -40 - j. What is the tens digit of d?
2
Suppose 0 = g + 2*u - 245, 6*g - 3*g - 4*u - 745 = 0. What is the units digit of g?
7
Suppose -2*z + 4*z - 152 = 0. Suppose 4*v + 3*p = 5*p + 62, -5*v + 3*p = -z. What is the units digit of v?
7
Let z = -3 + 2. Let b(s) = s**3 + s**2 + 2. Let n be b(0). What is the units digit of n/(3 + z)*9?
9
Suppose -3*a - 5*a = -1680. What is the tens digit of a?
1
Suppose 4 = 4*c - 3*c. What is the units digit of c*2/(4/3)?
6
Suppose 4*w - 6*w = -304. What is the tens digit of w?
5
Let w = -134 + 78. Let s = w - -35. Let m = s + 36. What is the tens digit of m?
1
Let l(d) = 2 - d - 4 - 5*d. Let x be l(-7). Suppose 0*f - x = -4*f. What is the units digit of f?
0
Let b = 24 + -6. Let w = b - 7. What is the units digit of w?
1
Let m = 86 + -21. What is the tens digit of m?
6
What is the tens digit of 186/3 - 3 - 0?
5
Let f be 10/18*-3*-3. What is the units digit of (-1)/(-2)*280/f?
8
Let t(z) = z**3 + 4*z**2 - 2*z - 1. Let c be t(-4). Suppose -j = j - 10. Suppose -4*s + c = 5*v, -35 = -j*s - 5*v + 4*v. What is the units digit of s?
8
Let p be (-19)/(-7) + 6/21. Let r = -8 + 15. Suppose -r*z + 36 = -p*z. What is the units digit of z?
9
Suppose -4 = -2*d - 2. What is the units digit of (-166)/(-14) - d/(-7)?
2
Let c(l) be the second derivative of l**3/2 - l**2/2 + 2*l. What is the tens digit of c(4)?
1
Suppose -4*m = -3*u - 420, 4*m - 6*m + u + 208 = 0. What is the hundreds digit of m?
1
Let g = -6 - -2. Let x(o) = o**2 + 4*o + 1. What is the units digit of x(g)?
1
Let n(p) = -p**2 - 6*p - 4. Let d be n(-7). What is the units digit of d*(2 + -3) - -1?
2
Let d = 34 - 1. What is the tens digit of d?
3
What is the units digit of 22*1 - (-7)/7?
3
Suppose 1 = 2*l - 3. Suppose -l = -3*u + 4. What is the units digit of u?
2
Let u(d) = 0*d - 4*d + 3*d - 3. What is the units digit of u(-7)?
4
Suppose 0 = 4*p - 3*t + 1, 4*p + 1 + 3 = 4*t. Suppose -p*k + 6*k = 20. What is the units digit of k?
5
Let s = 25 - 5. What is the units digit of s?
0
Let y(b) = 4*b**2 - b + 6. What is the tens digit of y(5)?
0
Suppose 2*n + 3 = 9. Let h be (10/15)/((-1)/n). Let s = 0 - h. What is the units digit of s?
2
Let a = -10 - -12. Suppose -36 = -a*d + 18. What is the units digit of d?
7
Let i = 191 - 130. What is the units digit of i?
1
Suppose l + 4*l = -3*v + 156, -2*v + 129 = -5*l. What is the units digit of v?
7
What is the tens digit of (-4)/8*-26 - 3?
1
Let l = 11 - 4. Suppose -363 = -l*q - 76. What is the units digit of q?
1
Let s be 1/(1/(-20)*-1). Suppose 4 = -r + s. What is the units digit of r?
6
Let k be (0/(-3))/(1 + 0). Suppose -2*x - 3*u = 2*x - 1, -x + 3*u + 19 = k. What is the units digit of x?
4
Let y = 10 + -11. What is the units digit of (-1 + 4)*(y - -2)?
3
Suppose -2*c = -3*r, -5*c + r + 10 = -3. Suppose -c*t = -7 - 2. What is the units digit of t?
3
What is the hundreds digit of 10/45 + 3423/27?
1
Let l = -17 + 26. Suppose -5*t + 3*z - 11 = 1, 2*z = -5*t + 8. Suppose -n + t*n = -l. What is the units digit of n?
9
Suppose 0 = -4*i + 1543 - 235. What is the tens digit of i?
2
Let a(n) = 2*n - 35. Let i(v) = -7*v - 1. Let u be i(-2). Let o(j) = -j + 17. Let h(f) = u*o(f) + 6*a(f). What is the tens digit of h(0)?
1
Let k = -79 - -111. Let l = k - 23. What is the units digit of l?
9
Let u(b) = -b**3 + 5*b**2 - 3*b. Let l be u(2). Suppose -4*q = -q - l. Suppose q*v - 5*v = -33. What is the units digit of v?
1
Suppose -3*j + j = -42. What is the units digit of j?
1
Let q(t) = 74*t + 30. What is the tens digit of q(4)?
2
What is the units digit of (3 - 2)*-2 + 67 - -2?
7
Suppose -8 = -3*x + x - 2*z, 0 = -4*z - 4. Let m be x - (-4 - 2*-1). Let t = m + -2. What is the units digit of t?
5
What is the tens digit of -108*((-1)/2)/(3/12)?
1
Let q = 1 + 2. Let o be (-1)/q + 43/3. Let k = -3 + o. What is the tens digit of k?
1
Let a(p) = -p**2 + 2*p + 1. Let v(s) = 2*s**2 + s + 1. Let k be v(-1). Let f be a(k). Suppose -2*d = -f - 17. What is the units digit of d?
9
Let f = 191 - 61. Suppose h - 2*h - 2*r = -35, 3*h + r - f = 0. What is the units digit of h?
5
Let l(n) = n**2 - 9*n - 10. Let k be l(12). Let s = k - 12. What is the units digit of s?
4
Let b(r) = r**3 - r**2 - 8*r + 7. What is the tens digit of b(5)?
6
Let q = 7 - 4. Let z(t) = t**3 - 4*t**2 + 3*t + 4. Let m be z(q). Suppose -19 = -3*l - 4*u, 3*l - m*u = -0*l - 13. What is the units digit of l?
1
What is the tens digit of (-170)/(-102) + 1862/6?
1
Let s(d) = 4*d**3 + 10*d**2 - 7*d - 11. Let p(l) = l**3 + l**2 - l - 1. Let z(x) = -3*p(x) + s(x). What is the tens digit of z(-7)?
2
Suppose 5*r = w + 186, 2*r + 2*r - 152 = 4*w. Suppose 0*y - y + r = 0. What is the units digit of y?
7
Suppose 0 = -3*x + 5*j + 16, -3*x = -2*x - 3*j. Suppose 2*k - 7*k = -5*h - 50, 5*k - 32 = -h. Let b = x - k. What is the units digit of b?
5
Suppose 4*o - 6 = 2. Let f be o + -3 + 3 + 0. What is the units digit of 68/6*3/f?
7
Let n(d) = d**2. Let v(t) = 6*t**2 - 2*t + 3. Let f(g) = -5*n(g) + v(g). Let h be f(2). What is the units digit of 0 + 0 - (1 - h)?
2
Let c(n) = -n**3 - 7*n**2 + 1. Let w = 5 - 12. What is the units digit of c(w)?
1
Let d be (-40)/6*(-9)/(-6). What is the units digit of (-6)/d*(-60)/(-4)?
9
Suppose -q = -4*s + 2*q + 1217, -2*s - 4*q = -636. What is the hundreds digit of s?
3
Let z = 9 - 5. Suppose z = 2*g + 2. What is the units digit of g?
1
Let o(g) = -2*g**2 + g - 2. Let l be o(2). Let y be 36/((-6)/l - 0). Suppose -2*x = 2*m + 3*x - 36, -5*m - 2*x = -y. What is the units digit of m?
8
Let z(l) = l**2 - 2. Suppose -5*x + 4*i - 22 = -4*x, -5*i = x - 23. Let w be z(x). Suppose 9 = t - w. What is the units digit of t?
1
Let g be -6 - (-1 - 3) - -1. Let t(f) = -f**2. Let v(w) = 4*w**2. Let x(c) = -12*t(c) - v(c). What is the units digit of x(g)?
8
Let m = -4 + 49. What is the units digit of m?
5
Suppose -4*a = 3*r - 6, 0 = -2*a - a. Suppose 3*m = r*m + 16. What is the units digit of m?
6
Let z(t) = -t**3 - 7*t**2 - 6*t. Let q be z(-6). Let j(a) = 0*a + 0*a + q*a + 5 + a. What is the units digit of j(4)?
9
Suppose 5*w = w + 108. What is the units digit of w?
7
Let w(a) = -a**2 + 5*a + 4. Let p be w(5). Suppose 3*k - 5*f = 0, -2*k + p*f = 2*k. Let r = 6 - k. What is the units digit of r?
6
Let j = 15 + 17. What is the units digit of j?
2
Suppose n = -3*n - 24. Let h(k) = -k**2 - 8*k - 7. What is the units digit of h(n)?
5
Let t(y) = 5*y**2 - 3*y - 1. Let f = -4 + 2. What is the tens digit of t(f)?
2
Let r = -11 - -25. Suppose 0*o = 2*o - r. What is the units digit of o?
7
Let f = 3 + -2. Let i be 7 + 3/(-3) - 3. Let k = f + i. What is the units digit of k?
4
Suppose 0 = -3*x - 5*k + 3 + 1, -8 = -4*x - 4*k. Let q be (-1)/x - 174/(-9). Suppose -2*c + q = -9. What is the units digit of c?
4
Let y = 15 - 9. Let l = y + 0. What is the units digit of l?
6
Suppose 9*r - 4*r = 25. Let n(s) = 2*s**3 + 6*s**2 - r - 4*s**3 - 3*s**3 + 4*s**3. What is the tens digit of n(5)?
2
Let s(u) be the second derivative of -1/3*u**3 - 2*u - 3*u**2 + 0. What is the units digit of s(-7)?
8
Suppose 2*o - 1 + 13 = 2*u, -2*o = 2*u + 4. Suppose -5*y + 3*y = -2, 0 = u*t + 3*y - 39. What is the units digit of t?
8
Let s = 60 + -38. What is the tens digit of s?
2
Suppose 20*q = 18*q + 72. What is the tens digit of q?
3
Suppose -2*n + 1074 = n + 5*t, -3*n + 3*t + 1050 = 0. What